{"id":678,"date":"2026-07-15T19:13:03","date_gmt":"2026-07-15T17:13:03","guid":{"rendered":"https:\/\/lakompra.com\/el-salvador\/?post_type=advert&#038;p=678"},"modified":"2026-07-15T19:13:04","modified_gmt":"2026-07-15T17:13:04","slug":"boyas-de-polietileno-de-uso-vial-para-senalizacion-horizontal","status":"publish","type":"advert","link":"https:\/\/lakompra.com\/el-salvador\/Anuncio\/boyas-de-polietileno-de-uso-vial-para-senalizacion-horizontal\/","title":{"rendered":"Boyas de Polietileno de uso vial para se\u00f1alizaci\u00f3n horizontal."},"content":{"rendered":"<p>Boyas de Polietileno de uso vial para se\u00f1alizaci\u00f3n horizontal instalados directamente en el pavimento. para gu\u00edar el flujo veh\u00edcular, delimitar carriles para reducir la velocidad de los automotores. Su estructura semiesf\u00e9rica o poligonal genera una alerta vibratoria y sonora cuando los neum\u00e1ticos pasan sobre ellas, previniendo accidentes en zonas de alto riesgo.<\/p>\n","protected":false},"author":11,"template":"","advert_category":[3],"class_list":["post-678","classified","type-advert","status-publish","has-post-thumbnail","hentry","advert_category-articulos-y-servicios"],"yoast_head":"<!-- This site is optimized with the Yoast SEO plugin v28.4 - https:\/\/yoast.com\/product\/yoast-seo-wordpress\/ -->\n<title>Boyas de Polietileno de uso vial para se\u00f1alizaci\u00f3n horizontal. - La Kompra El Salvador<\/title>\n<meta name=\"robots\" content=\"index, follow, max-snippet:-1, max-image-preview:large, max-video-preview:-1\" \/>\n<link rel=\"canonical\" href=\"https:\/\/lakompra.com\/el-salvador\/Anuncio\/boyas-de-polietileno-de-uso-vial-para-senalizacion-horizontal\/\" \/>\n<meta property=\"og:locale\" content=\"es_ES\" \/>\n<meta property=\"og:type\" content=\"article\" \/>\n<meta property=\"og:title\" content=\"Boyas de Polietileno de uso vial para se\u00f1alizaci\u00f3n horizontal. - La Kompra El Salvador\" \/>\n<meta property=\"og:description\" content=\"Boyas de Polietileno de uso vial para se\u00f1alizaci\u00f3n horizontal instalados directamente en el pavimento. para gu\u00edar el flujo veh\u00edcular, delimitar carriles para reducir la velocidad de los automotores. Su estructura semiesf\u00e9rica o poligonal genera una alerta vibratoria y sonora cuando los neum\u00e1ticos pasan sobre ellas, previniendo accidentes en zonas de alto riesgo.\" \/>\n<meta property=\"og:url\" content=\"https:\/\/lakompra.com\/el-salvador\/Anuncio\/boyas-de-polietileno-de-uso-vial-para-senalizacion-horizontal\/\" \/>\n<meta property=\"og:site_name\" content=\"La Kompra El Salvador\" \/>\n<meta property=\"article:publisher\" content=\"https:\/\/www.facebook.com\/lakompra\" \/>\n<meta property=\"article:modified_time\" content=\"2026-07-15T17:13:04+00:00\" \/>\n<meta property=\"og:image\" content=\"https:\/\/lakompra.com\/el-salvador\/wp-content\/uploads\/sites\/4\/2026\/07\/Boyas-de-Polietileno.png\" \/>\n\t<meta property=\"og:image:width\" content=\"536\" \/>\n\t<meta property=\"og:image:height\" content=\"730\" \/>\n\t<meta property=\"og:image:type\" content=\"image\/png\" \/>\n<meta name=\"twitter:card\" content=\"summary_large_image\" \/>\n<meta name=\"twitter:site\" content=\"@lakompra\" \/>\n<script type=\"application\/ld+json\" class=\"yoast-schema-graph\">{\"@context\":\"https:\\\/\\\/schema.org\",\"@graph\":[{\"@type\":\"WebPage\",\"@id\":\"https:\\\/\\\/lakompra.com\\\/el-salvador\\\/Anuncio\\\/boyas-de-polietileno-de-uso-vial-para-senalizacion-horizontal\\\/\",\"url\":\"https:\\\/\\\/lakompra.com\\\/el-salvador\\\/Anuncio\\\/boyas-de-polietileno-de-uso-vial-para-senalizacion-horizontal\\\/\",\"name\":\"Boyas de Polietileno de uso vial para se\u00f1alizaci\u00f3n horizontal. - La Kompra El Salvador\",\"isPartOf\":{\"@id\":\"https:\\\/\\\/lakompra.com\\\/el-salvador\\\/#website\"},\"primaryImageOfPage\":{\"@id\":\"https:\\\/\\\/lakompra.com\\\/el-salvador\\\/Anuncio\\\/boyas-de-polietileno-de-uso-vial-para-senalizacion-horizontal\\\/#primaryimage\"},\"image\":{\"@id\":\"https:\\\/\\\/lakompra.com\\\/el-salvador\\\/Anuncio\\\/boyas-de-polietileno-de-uso-vial-para-senalizacion-horizontal\\\/#primaryimage\"},\"thumbnailUrl\":\"https:\\\/\\\/lakompra.com\\\/el-salvador\\\/wp-content\\\/uploads\\\/sites\\\/4\\\/2026\\\/07\\\/Boyas-de-Polietileno.png\",\"datePublished\":\"2026-07-15T17:13:03+00:00\",\"dateModified\":\"2026-07-15T17:13:04+00:00\",\"breadcrumb\":{\"@id\":\"https:\\\/\\\/lakompra.com\\\/el-salvador\\\/Anuncio\\\/boyas-de-polietileno-de-uso-vial-para-senalizacion-horizontal\\\/#breadcrumb\"},\"inLanguage\":\"es\",\"potentialAction\":[{\"@type\":\"ReadAction\",\"target\":[\"https:\\\/\\\/lakompra.com\\\/el-salvador\\\/Anuncio\\\/boyas-de-polietileno-de-uso-vial-para-senalizacion-horizontal\\\/\"]}]},{\"@type\":\"ImageObject\",\"inLanguage\":\"es\",\"@id\":\"https:\\\/\\\/lakompra.com\\\/el-salvador\\\/Anuncio\\\/boyas-de-polietileno-de-uso-vial-para-senalizacion-horizontal\\\/#primaryimage\",\"url\":\"https:\\\/\\\/lakompra.com\\\/el-salvador\\\/wp-content\\\/uploads\\\/sites\\\/4\\\/2026\\\/07\\\/Boyas-de-Polietileno.png\",\"contentUrl\":\"https:\\\/\\\/lakompra.com\\\/el-salvador\\\/wp-content\\\/uploads\\\/sites\\\/4\\\/2026\\\/07\\\/Boyas-de-Polietileno.png\",\"width\":536,\"height\":730},{\"@type\":\"BreadcrumbList\",\"@id\":\"https:\\\/\\\/lakompra.com\\\/el-salvador\\\/Anuncio\\\/boyas-de-polietileno-de-uso-vial-para-senalizacion-horizontal\\\/#breadcrumb\",\"itemListElement\":[{\"@type\":\"ListItem\",\"position\":1,\"name\":\"Portada\",\"item\":\"https:\\\/\\\/lakompra.com\\\/el-salvador\\\/\"},{\"@type\":\"ListItem\",\"position\":2,\"name\":\"Anuncios clasificados\",\"item\":\"https:\\\/\\\/lakompra.com\\\/el-salvador\\\/Anuncio\\\/\"},{\"@type\":\"ListItem\",\"position\":3,\"name\":\"Boyas de Polietileno de uso vial para se\u00f1alizaci\u00f3n horizontal.\"}]},{\"@type\":\"WebSite\",\"@id\":\"https:\\\/\\\/lakompra.com\\\/el-salvador\\\/#website\",\"url\":\"https:\\\/\\\/lakompra.com\\\/el-salvador\\\/\",\"name\":\"La Kompra El Salvador\",\"description\":\"Anuncios Clasificados Gratis\",\"publisher\":{\"@id\":\"https:\\\/\\\/lakompra.com\\\/el-salvador\\\/#organization\"},\"alternateName\":\"La Kompra El Salvador\",\"potentialAction\":[{\"@type\":\"SearchAction\",\"target\":{\"@type\":\"EntryPoint\",\"urlTemplate\":\"https:\\\/\\\/lakompra.com\\\/el-salvador\\\/?s={search_term_string}\"},\"query-input\":{\"@type\":\"PropertyValueSpecification\",\"valueRequired\":true,\"valueName\":\"search_term_string\"}}],\"inLanguage\":\"es\"},{\"@type\":\"Organization\",\"@id\":\"https:\\\/\\\/lakompra.com\\\/el-salvador\\\/#organization\",\"name\":\"La Kompra El Salvador\",\"alternateName\":\"La Kompra El Salvador\",\"url\":\"https:\\\/\\\/lakompra.com\\\/el-salvador\\\/\",\"logo\":{\"@type\":\"ImageObject\",\"inLanguage\":\"es\",\"@id\":\"https:\\\/\\\/lakompra.com\\\/el-salvador\\\/#\\\/schema\\\/logo\\\/image\\\/\",\"url\":\"https:\\\/\\\/lakompra.com\\\/el-salvador\\\/wp-content\\\/uploads\\\/sites\\\/4\\\/2025\\\/11\\\/lakompra.png\",\"contentUrl\":\"https:\\\/\\\/lakompra.com\\\/el-salvador\\\/wp-content\\\/uploads\\\/sites\\\/4\\\/2025\\\/11\\\/lakompra.png\",\"width\":230,\"height\":60,\"caption\":\"La Kompra El Salvador\"},\"image\":{\"@id\":\"https:\\\/\\\/lakompra.com\\\/el-salvador\\\/#\\\/schema\\\/logo\\\/image\\\/\"},\"sameAs\":[\"https:\\\/\\\/www.facebook.com\\\/lakompra\",\"https:\\\/\\\/x.com\\\/lakompra\",\"https:\\\/\\\/www.tiktok.com\\\/@lakompra\"]}]}<\/script>\n<!-- \/ Yoast SEO plugin. -->","yoast_head_json":{"title":"Boyas de Polietileno de uso vial para se\u00f1alizaci\u00f3n horizontal. - La Kompra El Salvador","robots":{"index":"index","follow":"follow","max-snippet":"max-snippet:-1","max-image-preview":"max-image-preview:large","max-video-preview":"max-video-preview:-1"},"canonical":"https:\/\/lakompra.com\/el-salvador\/Anuncio\/boyas-de-polietileno-de-uso-vial-para-senalizacion-horizontal\/","og_locale":"es_ES","og_type":"article","og_title":"Boyas de Polietileno de uso vial para se\u00f1alizaci\u00f3n horizontal. - La Kompra El Salvador","og_description":"Boyas de Polietileno de uso vial para se\u00f1alizaci\u00f3n horizontal instalados directamente en el pavimento. para gu\u00edar el flujo veh\u00edcular, delimitar carriles para reducir la velocidad de los automotores. Su estructura semiesf\u00e9rica o poligonal genera una alerta vibratoria y sonora cuando los neum\u00e1ticos pasan sobre ellas, previniendo accidentes en zonas de alto riesgo.","og_url":"https:\/\/lakompra.com\/el-salvador\/Anuncio\/boyas-de-polietileno-de-uso-vial-para-senalizacion-horizontal\/","og_site_name":"La Kompra El Salvador","article_publisher":"https:\/\/www.facebook.com\/lakompra","article_modified_time":"2026-07-15T17:13:04+00:00","og_image":[{"width":536,"height":730,"url":"https:\/\/lakompra.com\/el-salvador\/wp-content\/uploads\/sites\/4\/2026\/07\/Boyas-de-Polietileno.png","type":"image\/png"}],"twitter_card":"summary_large_image","twitter_site":"@lakompra","schema":{"@context":"https:\/\/schema.org","@graph":[{"@type":"WebPage","@id":"https:\/\/lakompra.com\/el-salvador\/Anuncio\/boyas-de-polietileno-de-uso-vial-para-senalizacion-horizontal\/","url":"https:\/\/lakompra.com\/el-salvador\/Anuncio\/boyas-de-polietileno-de-uso-vial-para-senalizacion-horizontal\/","name":"Boyas de Polietileno de uso vial para se\u00f1alizaci\u00f3n horizontal. - La Kompra El Salvador","isPartOf":{"@id":"https:\/\/lakompra.com\/el-salvador\/#website"},"primaryImageOfPage":{"@id":"https:\/\/lakompra.com\/el-salvador\/Anuncio\/boyas-de-polietileno-de-uso-vial-para-senalizacion-horizontal\/#primaryimage"},"image":{"@id":"https:\/\/lakompra.com\/el-salvador\/Anuncio\/boyas-de-polietileno-de-uso-vial-para-senalizacion-horizontal\/#primaryimage"},"thumbnailUrl":"https:\/\/lakompra.com\/el-salvador\/wp-content\/uploads\/sites\/4\/2026\/07\/Boyas-de-Polietileno.png","datePublished":"2026-07-15T17:13:03+00:00","dateModified":"2026-07-15T17:13:04+00:00","breadcrumb":{"@id":"https:\/\/lakompra.com\/el-salvador\/Anuncio\/boyas-de-polietileno-de-uso-vial-para-senalizacion-horizontal\/#breadcrumb"},"inLanguage":"es","potentialAction":[{"@type":"ReadAction","target":["https:\/\/lakompra.com\/el-salvador\/Anuncio\/boyas-de-polietileno-de-uso-vial-para-senalizacion-horizontal\/"]}]},{"@type":"ImageObject","inLanguage":"es","@id":"https:\/\/lakompra.com\/el-salvador\/Anuncio\/boyas-de-polietileno-de-uso-vial-para-senalizacion-horizontal\/#primaryimage","url":"https:\/\/lakompra.com\/el-salvador\/wp-content\/uploads\/sites\/4\/2026\/07\/Boyas-de-Polietileno.png","contentUrl":"https:\/\/lakompra.com\/el-salvador\/wp-content\/uploads\/sites\/4\/2026\/07\/Boyas-de-Polietileno.png","width":536,"height":730},{"@type":"BreadcrumbList","@id":"https:\/\/lakompra.com\/el-salvador\/Anuncio\/boyas-de-polietileno-de-uso-vial-para-senalizacion-horizontal\/#breadcrumb","itemListElement":[{"@type":"ListItem","position":1,"name":"Portada","item":"https:\/\/lakompra.com\/el-salvador\/"},{"@type":"ListItem","position":2,"name":"Anuncios clasificados","item":"https:\/\/lakompra.com\/el-salvador\/Anuncio\/"},{"@type":"ListItem","position":3,"name":"Boyas de Polietileno de uso vial para se\u00f1alizaci\u00f3n horizontal."}]},{"@type":"WebSite","@id":"https:\/\/lakompra.com\/el-salvador\/#website","url":"https:\/\/lakompra.com\/el-salvador\/","name":"La Kompra El Salvador","description":"Anuncios Clasificados Gratis","publisher":{"@id":"https:\/\/lakompra.com\/el-salvador\/#organization"},"alternateName":"La Kompra El Salvador","potentialAction":[{"@type":"SearchAction","target":{"@type":"EntryPoint","urlTemplate":"https:\/\/lakompra.com\/el-salvador\/?s={search_term_string}"},"query-input":{"@type":"PropertyValueSpecification","valueRequired":true,"valueName":"search_term_string"}}],"inLanguage":"es"},{"@type":"Organization","@id":"https:\/\/lakompra.com\/el-salvador\/#organization","name":"La Kompra El Salvador","alternateName":"La Kompra El Salvador","url":"https:\/\/lakompra.com\/el-salvador\/","logo":{"@type":"ImageObject","inLanguage":"es","@id":"https:\/\/lakompra.com\/el-salvador\/#\/schema\/logo\/image\/","url":"https:\/\/lakompra.com\/el-salvador\/wp-content\/uploads\/sites\/4\/2025\/11\/lakompra.png","contentUrl":"https:\/\/lakompra.com\/el-salvador\/wp-content\/uploads\/sites\/4\/2025\/11\/lakompra.png","width":230,"height":60,"caption":"La Kompra El Salvador"},"image":{"@id":"https:\/\/lakompra.com\/el-salvador\/#\/schema\/logo\/image\/"},"sameAs":["https:\/\/www.facebook.com\/lakompra","https:\/\/x.com\/lakompra","https:\/\/www.tiktok.com\/@lakompra"]}]}},"_links":{"self":[{"href":"https:\/\/lakompra.com\/el-salvador\/wp-json\/wp\/v2\/advert\/678","targetHints":{"allow":["GET"]}}],"collection":[{"href":"https:\/\/lakompra.com\/el-salvador\/wp-json\/wp\/v2\/advert"}],"about":[{"href":"https:\/\/lakompra.com\/el-salvador\/wp-json\/wp\/v2\/types\/advert"}],"author":[{"embeddable":true,"href":"https:\/\/lakompra.com\/el-salvador\/wp-json\/wp\/v2\/users\/11"}],"wp:featuredmedia":[{"embeddable":true,"href":"https:\/\/lakompra.com\/el-salvador\/wp-json\/wp\/v2\/media\/679"}],"wp:attachment":[{"href":"https:\/\/lakompra.com\/el-salvador\/wp-json\/wp\/v2\/media?parent=678"}],"wp:term":[{"taxonomy":"advert_category","embeddable":true,"href":"https:\/\/lakompra.com\/el-salvador\/wp-json\/wp\/v2\/advert_category?post=678"}],"curies":[{"name":"wp","href":"https:\/\/api.w.org\/{rel}","templated":true}]}}

Boyas de Polietileno de uso vial para señalización horizontal.

<p>Boyas de Polietileno de uso vial para señalización horizontal instalados directamente en el pavimento. para guíar el flujo vehícular, delimitar carriles para reducir la velocidad de los automotores. Su estructura semiesférica o poligonal genera una alerta vibratoria y sonora cuando los neumáticos pasan sobre ellas, previniendo accidentes en zonas de alto riesgo.</p>

<!-- This site is optimized with the Yoast SEO plugin v28.4 - https://yoast.com/product/yoast-seo-wordpress/ -->
<title>Boyas de Polietileno de uso vial para señalización horizontal. - La Kompra El Salvador</title>
<meta name="robots" content="index, follow, max-snippet:-1, max-image-preview:large, max-video-preview:-1" />
<link rel="canonical" href="https://lakompra.com/el-salvador/Anuncio/boyas-de-polietileno-de-uso-vial-para-senalizacion-horizontal/" />
<meta property="og:locale" content="es_ES" />
<meta property="og:type" content="article" />
<meta property="og:title" content="Boyas de Polietileno de uso vial para señalización horizontal. - La Kompra El Salvador" />
<meta property="og:description" content="Boyas de Polietileno de uso vial para señalización horizontal instalados directamente en el pavimento. para guíar el flujo vehícular, delimitar carriles para reducir la velocidad de los automotores. Su estructura semiesférica o poligonal genera una alerta vibratoria y sonora cuando los neumáticos pasan sobre ellas, previniendo accidentes en zonas de alto riesgo." />
<meta property="og:url" content="https://lakompra.com/el-salvador/Anuncio/boyas-de-polietileno-de-uso-vial-para-senalizacion-horizontal/" />
<meta property="og:site_name" content="La Kompra El Salvador" />
<meta property="article:publisher" content="https://www.facebook.com/lakompra" />
<meta property="article:modified_time" content="2026-07-15T17:13:04+00:00" />
<meta property="og:image" content="https://lakompra.com/el-salvador/wp-content/uploads/sites/4/2026/07/Boyas-de-Polietileno.png" />
	<meta property="og:image:width" content="536" />
	<meta property="og:image:height" content="730" />
	<meta property="og:image:type" content="image/png" />
<meta name="twitter:card" content="summary_large_image" />
<meta name="twitter:site" content="@lakompra" />
<script type="application/ld+json" class="yoast-schema-graph">{"@context":"https:\/\/schema.org","@graph":[{"@type":"WebPage","@id":"https:\/\/lakompra.com\/el-salvador\/Anuncio\/boyas-de-polietileno-de-uso-vial-para-senalizacion-horizontal\/","url":"https:\/\/lakompra.com\/el-salvador\/Anuncio\/boyas-de-polietileno-de-uso-vial-para-senalizacion-horizontal\/","name":"Boyas de Polietileno de uso vial para señalización horizontal. - La Kompra El Salvador","isPartOf":{"@id":"https:\/\/lakompra.com\/el-salvador\/#website"},"primaryImageOfPage":{"@id":"https:\/\/lakompra.com\/el-salvador\/Anuncio\/boyas-de-polietileno-de-uso-vial-para-senalizacion-horizontal\/#primaryimage"},"image":{"@id":"https:\/\/lakompra.com\/el-salvador\/Anuncio\/boyas-de-polietileno-de-uso-vial-para-senalizacion-horizontal\/#primaryimage"},"thumbnailUrl":"https:\/\/lakompra.com\/el-salvador\/wp-content\/uploads\/sites\/4\/2026\/07\/Boyas-de-Polietileno.png","datePublished":"2026-07-15T17:13:03+00:00","dateModified":"2026-07-15T17:13:04+00:00","breadcrumb":{"@id":"https:\/\/lakompra.com\/el-salvador\/Anuncio\/boyas-de-polietileno-de-uso-vial-para-senalizacion-horizontal\/#breadcrumb"},"inLanguage":"es","potentialAction":[{"@type":"ReadAction","target":["https:\/\/lakompra.com\/el-salvador\/Anuncio\/boyas-de-polietileno-de-uso-vial-para-senalizacion-horizontal\/"]}]},{"@type":"ImageObject","inLanguage":"es","@id":"https:\/\/lakompra.com\/el-salvador\/Anuncio\/boyas-de-polietileno-de-uso-vial-para-senalizacion-horizontal\/#primaryimage","url":"https:\/\/lakompra.com\/el-salvador\/wp-content\/uploads\/sites\/4\/2026\/07\/Boyas-de-Polietileno.png","contentUrl":"https:\/\/lakompra.com\/el-salvador\/wp-content\/uploads\/sites\/4\/2026\/07\/Boyas-de-Polietileno.png","width":536,"height":730},{"@type":"BreadcrumbList","@id":"https:\/\/lakompra.com\/el-salvador\/Anuncio\/boyas-de-polietileno-de-uso-vial-para-senalizacion-horizontal\/#breadcrumb","itemListElement":[{"@type":"ListItem","position":1,"name":"Portada","item":"https:\/\/lakompra.com\/el-salvador\/"},{"@type":"ListItem","position":2,"name":"Anuncios clasificados","item":"https:\/\/lakompra.com\/el-salvador\/Anuncio\/"},{"@type":"ListItem","position":3,"name":"Boyas de Polietileno de uso vial para señalización horizontal."}]},{"@type":"WebSite","@id":"https:\/\/lakompra.com\/el-salvador\/#website","url":"https:\/\/lakompra.com\/el-salvador\/","name":"La Kompra El Salvador","description":"Anuncios Clasificados Gratis","publisher":{"@id":"https:\/\/lakompra.com\/el-salvador\/#organization"},"alternateName":"La Kompra El Salvador","potentialAction":[{"@type":"SearchAction","target":{"@type":"EntryPoint","urlTemplate":"https:\/\/lakompra.com\/el-salvador\/?s={search_term_string}"},"query-input":{"@type":"PropertyValueSpecification","valueRequired":true,"valueName":"search_term_string"}}],"inLanguage":"es"},{"@type":"Organization","@id":"https:\/\/lakompra.com\/el-salvador\/#organization","name":"La Kompra El Salvador","alternateName":"La Kompra El Salvador","url":"https:\/\/lakompra.com\/el-salvador\/","logo":{"@type":"ImageObject","inLanguage":"es","@id":"https:\/\/lakompra.com\/el-salvador\/#\/schema\/logo\/image\/","url":"https:\/\/lakompra.com\/el-salvador\/wp-content\/uploads\/sites\/4\/2025\/11\/lakompra.png","contentUrl":"https:\/\/lakompra.com\/el-salvador\/wp-content\/uploads\/sites\/4\/2025\/11\/lakompra.png","width":230,"height":60,"caption":"La Kompra El Salvador"},"image":{"@id":"https:\/\/lakompra.com\/el-salvador\/#\/schema\/logo\/image\/"},"sameAs":["https:\/\/www.facebook.com\/lakompra","https:\/\/x.com\/lakompra","https:\/\/www.tiktok.com\/@lakompra"]}]}</script>
<!-- / Yoast SEO plugin. -->

Boyas de Polietileno de uso vial para señalización horizontal. - La Kompra El Salvador

Boyas de Polietileno de uso vial para señalización horizontal instalados directamente en el pavimento. para guíar el flujo vehícular, delimitar carriles para reducir la velocidad de los automotores. Su estructura semiesférica o poligonal genera una alerta vibratoria y sonora cuando los neumáticos pasan sobre ellas, previniendo accidentes en zonas de alto riesgo.
