{"id":748,"date":"2026-08-21T14:53:39","date_gmt":"2026-08-21T12:53:39","guid":{"rendered":"https:\/\/lakompra.com\/el-salvador\/?post_type=advert&#038;p=748"},"modified":"2026-08-21T14:53:45","modified_gmt":"2026-08-21T12:53:45","slug":"trottinette","status":"publish","type":"advert","link":"https:\/\/lakompra.com\/el-salvador\/Anuncio\/trottinette\/","title":{"rendered":"Trottinette"},"content":{"rendered":"<blockquote><p>Je mets en vente une trottinette \u00e9lectrique Kukirin G2, id\u00e9ale pour les d\u00e9placements en ville, rapide et confortable.<\/p>\n<p>&nbsp;<\/p>\n<p>\ud83d\udd39 \u00c9tat : Tr\u00e8s bon \u00e9tat, bien entretenue<\/p>\n<p>\ud83d\udd39 Performance : Moteur puissant avec une bonne acc\u00e9l\u00e9ration et stabilit\u00e9<\/p>\n<p>\ud83d\udd39 Batterie : Bonne autonomie, parfaite pour un usage quotidien<\/p>\n<p>\ud83d\udd39 Design : Style sportif noir avec touches orange<\/p>\n<p>\ud83d\udd39 S\u00e9curit\u00e9 : Freins \u00e0 disque efficaces + phare avant pour rouler la nuit<\/p>\n<p>\ud83d\udd39 Confort : Roues larges pour une conduite stable et agr\u00e9able<\/p>\n<p>\ud83d\udd39avec chargeur original<\/p>\n<p>\ud83d\udd39kilom\u00e9trage 33km<\/p>\n<p>Avec un menote<\/p>\n<p>\ud83d\udd39Vitesse 45kmh<\/p>\n<p>\ud83d\udd39avec facture<\/p>\n<p>Prix: 280$<\/p><\/blockquote>\n","protected":false},"author":30,"template":"","advert_category":[3],"class_list":["post-748","classified","type-advert","status-publish","has-post-thumbnail","hentry","advert_category-articulos-y-servicios"],"yoast_head":"<!-- This site is optimized with the Yoast SEO plugin v28.4 - https:\/\/yoast.com\/product\/yoast-seo-wordpress\/ -->\n<title>Trottinette - La Kompra El Salvador<\/title>\n<meta name=\"robots\" content=\"index, follow, max-snippet:-1, max-image-preview:large, max-video-preview:-1\" \/>\n<link rel=\"canonical\" href=\"https:\/\/lakompra.com\/el-salvador\/Anuncio\/trottinette\/\" \/>\n<meta property=\"og:locale\" content=\"es_ES\" \/>\n<meta property=\"og:type\" content=\"article\" \/>\n<meta property=\"og:title\" content=\"Trottinette - La Kompra El Salvador\" \/>\n<meta property=\"og:description\" content=\"Je mets en vente une trottinette \u00e9lectrique Kukirin G2, id\u00e9ale pour les d\u00e9placements en ville, rapide et confortable. &nbsp; \ud83d\udd39 \u00c9tat : Tr\u00e8s bon \u00e9tat, bien entretenue \ud83d\udd39 Performance : Moteur puissant avec une bonne acc\u00e9l\u00e9ration et stabilit\u00e9 \ud83d\udd39 Batterie : Bonne autonomie, parfaite pour un usage quotidien \ud83d\udd39 Design : Style sportif noir avec ... Leer m\u00e1s\" \/>\n<meta property=\"og:url\" content=\"https:\/\/lakompra.com\/el-salvador\/Anuncio\/trottinette\/\" \/>\n<meta property=\"og:site_name\" content=\"La Kompra El Salvador\" \/>\n<meta property=\"article:publisher\" content=\"https:\/\/www.facebook.com\/lakompra\" \/>\n<meta property=\"article:modified_time\" content=\"2026-08-21T12:53:45+00:00\" \/>\n<meta property=\"og:image\" content=\"https:\/\/lakompra.com\/el-salvador\/wp-content\/uploads\/sites\/4\/2026\/08\/IMG-20260608-WA0003.jpg\" \/>\n\t<meta property=\"og:image:width\" content=\"690\" \/>\n\t<meta property=\"og:image:height\" content=\"949\" \/>\n\t<meta property=\"og:image:type\" content=\"image\/jpeg\" \/>\n<meta name=\"twitter:card\" content=\"summary_large_image\" \/>\n<meta name=\"twitter:site\" content=\"@lakompra\" \/>\n<script type=\"application\/ld+json\" class=\"yoast-schema-graph\">{\"@context\":\"https:\\\/\\\/schema.org\",\"@graph\":[{\"@type\":\"WebPage\",\"@id\":\"https:\\\/\\\/lakompra.com\\\/el-salvador\\\/Anuncio\\\/trottinette\\\/\",\"url\":\"https:\\\/\\\/lakompra.com\\\/el-salvador\\\/Anuncio\\\/trottinette\\\/\",\"name\":\"Trottinette - La Kompra El Salvador\",\"isPartOf\":{\"@id\":\"https:\\\/\\\/lakompra.com\\\/el-salvador\\\/#website\"},\"primaryImageOfPage\":{\"@id\":\"https:\\\/\\\/lakompra.com\\\/el-salvador\\\/Anuncio\\\/trottinette\\\/#primaryimage\"},\"image\":{\"@id\":\"https:\\\/\\\/lakompra.com\\\/el-salvador\\\/Anuncio\\\/trottinette\\\/#primaryimage\"},\"thumbnailUrl\":\"https:\\\/\\\/lakompra.com\\\/el-salvador\\\/wp-content\\\/uploads\\\/sites\\\/4\\\/2026\\\/08\\\/IMG-20260608-WA0003.jpg\",\"datePublished\":\"2026-08-21T12:53:39+00:00\",\"dateModified\":\"2026-08-21T12:53:45+00:00\",\"breadcrumb\":{\"@id\":\"https:\\\/\\\/lakompra.com\\\/el-salvador\\\/Anuncio\\\/trottinette\\\/#breadcrumb\"},\"inLanguage\":\"es\",\"potentialAction\":[{\"@type\":\"ReadAction\",\"target\":[\"https:\\\/\\\/lakompra.com\\\/el-salvador\\\/Anuncio\\\/trottinette\\\/\"]}]},{\"@type\":\"ImageObject\",\"inLanguage\":\"es\",\"@id\":\"https:\\\/\\\/lakompra.com\\\/el-salvador\\\/Anuncio\\\/trottinette\\\/#primaryimage\",\"url\":\"https:\\\/\\\/lakompra.com\\\/el-salvador\\\/wp-content\\\/uploads\\\/sites\\\/4\\\/2026\\\/08\\\/IMG-20260608-WA0003.jpg\",\"contentUrl\":\"https:\\\/\\\/lakompra.com\\\/el-salvador\\\/wp-content\\\/uploads\\\/sites\\\/4\\\/2026\\\/08\\\/IMG-20260608-WA0003.jpg\",\"width\":690,\"height\":949},{\"@type\":\"BreadcrumbList\",\"@id\":\"https:\\\/\\\/lakompra.com\\\/el-salvador\\\/Anuncio\\\/trottinette\\\/#breadcrumb\",\"itemListElement\":[{\"@type\":\"ListItem\",\"position\":1,\"name\":\"Portada\",\"item\":\"https:\\\/\\\/lakompra.com\\\/el-salvador\\\/\"},{\"@type\":\"ListItem\",\"position\":2,\"name\":\"Anuncios clasificados\",\"item\":\"https:\\\/\\\/lakompra.com\\\/el-salvador\\\/Anuncio\\\/\"},{\"@type\":\"ListItem\",\"position\":3,\"name\":\"Trottinette\"}]},{\"@type\":\"WebSite\",\"@id\":\"https:\\\/\\\/lakompra.com\\\/el-salvador\\\/#website\",\"url\":\"https:\\\/\\\/lakompra.com\\\/el-salvador\\\/\",\"name\":\"La Kompra El Salvador\",\"description\":\"Anuncios Clasificados Gratis\",\"publisher\":{\"@id\":\"https:\\\/\\\/lakompra.com\\\/el-salvador\\\/#organization\"},\"alternateName\":\"La Kompra El Salvador\",\"potentialAction\":[{\"@type\":\"SearchAction\",\"target\":{\"@type\":\"EntryPoint\",\"urlTemplate\":\"https:\\\/\\\/lakompra.com\\\/el-salvador\\\/?s={search_term_string}\"},\"query-input\":{\"@type\":\"PropertyValueSpecification\",\"valueRequired\":true,\"valueName\":\"search_term_string\"}}],\"inLanguage\":\"es\"},{\"@type\":\"Organization\",\"@id\":\"https:\\\/\\\/lakompra.com\\\/el-salvador\\\/#organization\",\"name\":\"La Kompra El Salvador\",\"alternateName\":\"La Kompra El Salvador\",\"url\":\"https:\\\/\\\/lakompra.com\\\/el-salvador\\\/\",\"logo\":{\"@type\":\"ImageObject\",\"inLanguage\":\"es\",\"@id\":\"https:\\\/\\\/lakompra.com\\\/el-salvador\\\/#\\\/schema\\\/logo\\\/image\\\/\",\"url\":\"https:\\\/\\\/lakompra.com\\\/el-salvador\\\/wp-content\\\/uploads\\\/sites\\\/4\\\/2025\\\/11\\\/lakompra.png\",\"contentUrl\":\"https:\\\/\\\/lakompra.com\\\/el-salvador\\\/wp-content\\\/uploads\\\/sites\\\/4\\\/2025\\\/11\\\/lakompra.png\",\"width\":230,\"height\":60,\"caption\":\"La Kompra El Salvador\"},\"image\":{\"@id\":\"https:\\\/\\\/lakompra.com\\\/el-salvador\\\/#\\\/schema\\\/logo\\\/image\\\/\"},\"sameAs\":[\"https:\\\/\\\/www.facebook.com\\\/lakompra\",\"https:\\\/\\\/x.com\\\/lakompra\",\"https:\\\/\\\/www.tiktok.com\\\/@lakompra\"]}]}<\/script>\n<!-- \/ Yoast SEO plugin. -->","yoast_head_json":{"title":"Trottinette - La Kompra El Salvador","robots":{"index":"index","follow":"follow","max-snippet":"max-snippet:-1","max-image-preview":"max-image-preview:large","max-video-preview":"max-video-preview:-1"},"canonical":"https:\/\/lakompra.com\/el-salvador\/Anuncio\/trottinette\/","og_locale":"es_ES","og_type":"article","og_title":"Trottinette - La Kompra El Salvador","og_description":"Je mets en vente une trottinette \u00e9lectrique Kukirin G2, id\u00e9ale pour les d\u00e9placements en ville, rapide et confortable. &nbsp; \ud83d\udd39 \u00c9tat : Tr\u00e8s bon \u00e9tat, bien entretenue \ud83d\udd39 Performance : Moteur puissant avec une bonne acc\u00e9l\u00e9ration et stabilit\u00e9 \ud83d\udd39 Batterie : Bonne autonomie, parfaite pour un usage quotidien \ud83d\udd39 Design : Style sportif noir avec ... Leer m\u00e1s","og_url":"https:\/\/lakompra.com\/el-salvador\/Anuncio\/trottinette\/","og_site_name":"La Kompra El Salvador","article_publisher":"https:\/\/www.facebook.com\/lakompra","article_modified_time":"2026-08-21T12:53:45+00:00","og_image":[{"width":690,"height":949,"url":"https:\/\/lakompra.com\/el-salvador\/wp-content\/uploads\/sites\/4\/2026\/08\/IMG-20260608-WA0003.jpg","type":"image\/jpeg"}],"twitter_card":"summary_large_image","twitter_site":"@lakompra","schema":{"@context":"https:\/\/schema.org","@graph":[{"@type":"WebPage","@id":"https:\/\/lakompra.com\/el-salvador\/Anuncio\/trottinette\/","url":"https:\/\/lakompra.com\/el-salvador\/Anuncio\/trottinette\/","name":"Trottinette - La Kompra El Salvador","isPartOf":{"@id":"https:\/\/lakompra.com\/el-salvador\/#website"},"primaryImageOfPage":{"@id":"https:\/\/lakompra.com\/el-salvador\/Anuncio\/trottinette\/#primaryimage"},"image":{"@id":"https:\/\/lakompra.com\/el-salvador\/Anuncio\/trottinette\/#primaryimage"},"thumbnailUrl":"https:\/\/lakompra.com\/el-salvador\/wp-content\/uploads\/sites\/4\/2026\/08\/IMG-20260608-WA0003.jpg","datePublished":"2026-08-21T12:53:39+00:00","dateModified":"2026-08-21T12:53:45+00:00","breadcrumb":{"@id":"https:\/\/lakompra.com\/el-salvador\/Anuncio\/trottinette\/#breadcrumb"},"inLanguage":"es","potentialAction":[{"@type":"ReadAction","target":["https:\/\/lakompra.com\/el-salvador\/Anuncio\/trottinette\/"]}]},{"@type":"ImageObject","inLanguage":"es","@id":"https:\/\/lakompra.com\/el-salvador\/Anuncio\/trottinette\/#primaryimage","url":"https:\/\/lakompra.com\/el-salvador\/wp-content\/uploads\/sites\/4\/2026\/08\/IMG-20260608-WA0003.jpg","contentUrl":"https:\/\/lakompra.com\/el-salvador\/wp-content\/uploads\/sites\/4\/2026\/08\/IMG-20260608-WA0003.jpg","width":690,"height":949},{"@type":"BreadcrumbList","@id":"https:\/\/lakompra.com\/el-salvador\/Anuncio\/trottinette\/#breadcrumb","itemListElement":[{"@type":"ListItem","position":1,"name":"Portada","item":"https:\/\/lakompra.com\/el-salvador\/"},{"@type":"ListItem","position":2,"name":"Anuncios clasificados","item":"https:\/\/lakompra.com\/el-salvador\/Anuncio\/"},{"@type":"ListItem","position":3,"name":"Trottinette"}]},{"@type":"WebSite","@id":"https:\/\/lakompra.com\/el-salvador\/#website","url":"https:\/\/lakompra.com\/el-salvador\/","name":"La Kompra El Salvador","description":"Anuncios Clasificados Gratis","publisher":{"@id":"https:\/\/lakompra.com\/el-salvador\/#organization"},"alternateName":"La Kompra El Salvador","potentialAction":[{"@type":"SearchAction","target":{"@type":"EntryPoint","urlTemplate":"https:\/\/lakompra.com\/el-salvador\/?s={search_term_string}"},"query-input":{"@type":"PropertyValueSpecification","valueRequired":true,"valueName":"search_term_string"}}],"inLanguage":"es"},{"@type":"Organization","@id":"https:\/\/lakompra.com\/el-salvador\/#organization","name":"La Kompra El Salvador","alternateName":"La Kompra El Salvador","url":"https:\/\/lakompra.com\/el-salvador\/","logo":{"@type":"ImageObject","inLanguage":"es","@id":"https:\/\/lakompra.com\/el-salvador\/#\/schema\/logo\/image\/","url":"https:\/\/lakompra.com\/el-salvador\/wp-content\/uploads\/sites\/4\/2025\/11\/lakompra.png","contentUrl":"https:\/\/lakompra.com\/el-salvador\/wp-content\/uploads\/sites\/4\/2025\/11\/lakompra.png","width":230,"height":60,"caption":"La Kompra El Salvador"},"image":{"@id":"https:\/\/lakompra.com\/el-salvador\/#\/schema\/logo\/image\/"},"sameAs":["https:\/\/www.facebook.com\/lakompra","https:\/\/x.com\/lakompra","https:\/\/www.tiktok.com\/@lakompra"]}]}},"_links":{"self":[{"href":"https:\/\/lakompra.com\/el-salvador\/wp-json\/wp\/v2\/advert\/748","targetHints":{"allow":["GET"]}}],"collection":[{"href":"https:\/\/lakompra.com\/el-salvador\/wp-json\/wp\/v2\/advert"}],"about":[{"href":"https:\/\/lakompra.com\/el-salvador\/wp-json\/wp\/v2\/types\/advert"}],"author":[{"embeddable":true,"href":"https:\/\/lakompra.com\/el-salvador\/wp-json\/wp\/v2\/users\/30"}],"wp:featuredmedia":[{"embeddable":true,"href":"https:\/\/lakompra.com\/el-salvador\/wp-json\/wp\/v2\/media\/749"}],"wp:attachment":[{"href":"https:\/\/lakompra.com\/el-salvador\/wp-json\/wp\/v2\/media?parent=748"}],"wp:term":[{"taxonomy":"advert_category","embeddable":true,"href":"https:\/\/lakompra.com\/el-salvador\/wp-json\/wp\/v2\/advert_category?post=748"}],"curies":[{"name":"wp","href":"https:\/\/api.w.org\/{rel}","templated":true}]}}

<blockquote><p>Je mets en vente une trottinette électrique Kukirin G2, idéale pour les déplacements en ville, rapide et confortable.</p>
<p>&nbsp;</p>
<p>🔹 État : Très bon état, bien entretenue</p>
<p>🔹 Performance : Moteur puissant avec une bonne accélération et stabilité</p>
<p>🔹 Batterie : Bonne autonomie, parfaite pour un usage quotidien</p>
<p>🔹 Design : Style sportif noir avec touches orange</p>
<p>🔹 Sécurité : Freins à disque efficaces + phare avant pour rouler la nuit</p>
<p>🔹 Confort : Roues larges pour une conduite stable et agréable</p>
<p>🔹avec chargeur original</p>
<p>🔹kilométrage 33km</p>
<p>Avec un menote</p>
<p>🔹Vitesse 45kmh</p>
<p>🔹avec facture</p>
<p>Prix: 280$</p></blockquote>

<!-- This site is optimized with the Yoast SEO plugin v28.4 - https://yoast.com/product/yoast-seo-wordpress/ -->
<title>Trottinette - La Kompra El Salvador</title>
<meta name="robots" content="index, follow, max-snippet:-1, max-image-preview:large, max-video-preview:-1" />
<link rel="canonical" href="https://lakompra.com/el-salvador/Anuncio/trottinette/" />
<meta property="og:locale" content="es_ES" />
<meta property="og:type" content="article" />
<meta property="og:title" content="Trottinette - La Kompra El Salvador" />
<meta property="og:description" content="Je mets en vente une trottinette électrique Kukirin G2, idéale pour les déplacements en ville, rapide et confortable. &nbsp; 🔹 État : Très bon état, bien entretenue 🔹 Performance : Moteur puissant avec une bonne accélération et stabilité 🔹 Batterie : Bonne autonomie, parfaite pour un usage quotidien 🔹 Design : Style sportif noir avec ... Leer más" />
<meta property="og:url" content="https://lakompra.com/el-salvador/Anuncio/trottinette/" />
<meta property="og:site_name" content="La Kompra El Salvador" />
<meta property="article:publisher" content="https://www.facebook.com/lakompra" />
<meta property="article:modified_time" content="2026-08-21T12:53:45+00:00" />
<meta property="og:image" content="https://lakompra.com/el-salvador/wp-content/uploads/sites/4/2026/08/IMG-20260608-WA0003.jpg" />
	<meta property="og:image:width" content="690" />
	<meta property="og:image:height" content="949" />
	<meta property="og:image:type" content="image/jpeg" />
<meta name="twitter:card" content="summary_large_image" />
<meta name="twitter:site" content="@lakompra" />
<script type="application/ld+json" class="yoast-schema-graph">{"@context":"https:\/\/schema.org","@graph":[{"@type":"WebPage","@id":"https:\/\/lakompra.com\/el-salvador\/Anuncio\/trottinette\/","url":"https:\/\/lakompra.com\/el-salvador\/Anuncio\/trottinette\/","name":"Trottinette - La Kompra El Salvador","isPartOf":{"@id":"https:\/\/lakompra.com\/el-salvador\/#website"},"primaryImageOfPage":{"@id":"https:\/\/lakompra.com\/el-salvador\/Anuncio\/trottinette\/#primaryimage"},"image":{"@id":"https:\/\/lakompra.com\/el-salvador\/Anuncio\/trottinette\/#primaryimage"},"thumbnailUrl":"https:\/\/lakompra.com\/el-salvador\/wp-content\/uploads\/sites\/4\/2026\/08\/IMG-20260608-WA0003.jpg","datePublished":"2026-08-21T12:53:39+00:00","dateModified":"2026-08-21T12:53:45+00:00","breadcrumb":{"@id":"https:\/\/lakompra.com\/el-salvador\/Anuncio\/trottinette\/#breadcrumb"},"inLanguage":"es","potentialAction":[{"@type":"ReadAction","target":["https:\/\/lakompra.com\/el-salvador\/Anuncio\/trottinette\/"]}]},{"@type":"ImageObject","inLanguage":"es","@id":"https:\/\/lakompra.com\/el-salvador\/Anuncio\/trottinette\/#primaryimage","url":"https:\/\/lakompra.com\/el-salvador\/wp-content\/uploads\/sites\/4\/2026\/08\/IMG-20260608-WA0003.jpg","contentUrl":"https:\/\/lakompra.com\/el-salvador\/wp-content\/uploads\/sites\/4\/2026\/08\/IMG-20260608-WA0003.jpg","width":690,"height":949},{"@type":"BreadcrumbList","@id":"https:\/\/lakompra.com\/el-salvador\/Anuncio\/trottinette\/#breadcrumb","itemListElement":[{"@type":"ListItem","position":1,"name":"Portada","item":"https:\/\/lakompra.com\/el-salvador\/"},{"@type":"ListItem","position":2,"name":"Anuncios clasificados","item":"https:\/\/lakompra.com\/el-salvador\/Anuncio\/"},{"@type":"ListItem","position":3,"name":"Trottinette"}]},{"@type":"WebSite","@id":"https:\/\/lakompra.com\/el-salvador\/#website","url":"https:\/\/lakompra.com\/el-salvador\/","name":"La Kompra El Salvador","description":"Anuncios Clasificados Gratis","publisher":{"@id":"https:\/\/lakompra.com\/el-salvador\/#organization"},"alternateName":"La Kompra El Salvador","potentialAction":[{"@type":"SearchAction","target":{"@type":"EntryPoint","urlTemplate":"https:\/\/lakompra.com\/el-salvador\/?s={search_term_string}"},"query-input":{"@type":"PropertyValueSpecification","valueRequired":true,"valueName":"search_term_string"}}],"inLanguage":"es"},{"@type":"Organization","@id":"https:\/\/lakompra.com\/el-salvador\/#organization","name":"La Kompra El Salvador","alternateName":"La Kompra El Salvador","url":"https:\/\/lakompra.com\/el-salvador\/","logo":{"@type":"ImageObject","inLanguage":"es","@id":"https:\/\/lakompra.com\/el-salvador\/#\/schema\/logo\/image\/","url":"https:\/\/lakompra.com\/el-salvador\/wp-content\/uploads\/sites\/4\/2025\/11\/lakompra.png","contentUrl":"https:\/\/lakompra.com\/el-salvador\/wp-content\/uploads\/sites\/4\/2025\/11\/lakompra.png","width":230,"height":60,"caption":"La Kompra El Salvador"},"image":{"@id":"https:\/\/lakompra.com\/el-salvador\/#\/schema\/logo\/image\/"},"sameAs":["https:\/\/www.facebook.com\/lakompra","https:\/\/x.com\/lakompra","https:\/\/www.tiktok.com\/@lakompra"]}]}</script>
<!-- / Yoast SEO plugin. -->

Je mets en vente une trottinette électrique Kukirin G2, idéale pour les déplacements en ville, rapide et confortable. &nbsp; 🔹 État : Très bon état, bien entretenue 🔹 Performance : Moteur puissant avec une bonne accélération et stabilité 🔹 Batterie : Bonne autonomie, parfaite pour un usage quotidien 🔹 Design : Style sportif noir avec ... Leer más
