{"id":802,"date":"2026-09-03T06:36:08","date_gmt":"2026-09-03T04:36:08","guid":{"rendered":"https:\/\/lakompra.com\/el-salvador\/?post_type=advert&#038;p=802"},"modified":"2026-09-03T06:36:08","modified_gmt":"2026-09-03T04:36:08","slug":"allandora-de-36-con-motor-honda-de-9hp-gx270","status":"publish","type":"advert","link":"https:\/\/lakompra.com\/el-salvador\/Anuncio\/allandora-de-36-con-motor-honda-de-9hp-gx270\/","title":{"rendered":"Allandora de 36\u201d con Motor Honda de 9hp (GX270)"},"content":{"rendered":"<p>Allandora de 36\u201d con Motor Honda de 9hp (GX270)<\/p>\n<ul>\n<li>Motor Honda de 9 HP, modelo GX270<\/li>\n<li>Allanadora de 36 pulgadas de di\u00e1metro<\/li>\n<li>Las aspas tienen un control de ajuste de 0 a 28 grados.<\/li>\n<li>El dise\u00f1o de la caja de cambios permite que el esfuerzo de torsi\u00f3n del equipo sea el m\u00e1ximo en su transferencia.<\/li>\n<li>El embrague sensible y el sistema de poleas hace que las transiciones de velocidad sean suaves.<\/li>\n<li>Barra de elevaci\u00f3n.<\/li>\n<li>Dise\u00f1o para 4 hojas que permiten una rotaci\u00f3n m\u00e1xima de 135 RPM.<\/li>\n<li>Incluye 4 aspas del tipo Combinadas (mejores que las hojas de acabados).<\/li>\n<li>Marca J&amp;F, hecho en China.<\/li>\n<\/ul>\n<p>Laura Molina<\/p>\n<p>7225 0474<\/p>\n<p>Maquesa el salvador<\/p>\n","protected":false},"author":0,"template":"","advert_category":[3],"class_list":["post-802","classified","type-advert","status-publish","has-post-thumbnail","hentry","advert_category-articulos-y-servicios"],"yoast_head":"<!-- This site is optimized with the Yoast SEO plugin v28.4 - https:\/\/yoast.com\/product\/yoast-seo-wordpress\/ -->\n<title>Allandora de 36\u201d con Motor Honda de 9hp (GX270) - La Kompra El Salvador<\/title>\n<meta name=\"robots\" content=\"index, follow, max-snippet:-1, max-image-preview:large, max-video-preview:-1\" \/>\n<link rel=\"canonical\" href=\"https:\/\/lakompra.com\/el-salvador\/Anuncio\/allandora-de-36-con-motor-honda-de-9hp-gx270\/\" \/>\n<meta property=\"og:locale\" content=\"es_ES\" \/>\n<meta property=\"og:type\" content=\"article\" \/>\n<meta property=\"og:title\" content=\"Allandora de 36\u201d con Motor Honda de 9hp (GX270) - La Kompra El Salvador\" \/>\n<meta property=\"og:description\" content=\"Allandora de 36\u201d con Motor Honda de 9hp (GX270) Motor Honda de 9 HP, modelo GX270 Allanadora de 36 pulgadas de di\u00e1metro Las aspas tienen un control de ajuste de 0 a 28 grados. El dise\u00f1o de la caja de cambios permite que el esfuerzo de torsi\u00f3n del equipo sea el m\u00e1ximo en su transferencia. ... Leer m\u00e1s\" \/>\n<meta property=\"og:url\" content=\"https:\/\/lakompra.com\/el-salvador\/Anuncio\/allandora-de-36-con-motor-honda-de-9hp-gx270\/\" \/>\n<meta property=\"og:site_name\" content=\"La Kompra El Salvador\" \/>\n<meta property=\"article:publisher\" content=\"https:\/\/www.facebook.com\/lakompra\" \/>\n<meta property=\"og:image\" content=\"https:\/\/lakompra.com\/el-salvador\/wp-content\/uploads\/sites\/4\/2026\/09\/WhatsApp-Image-2026-09-02-at-10.06.13-PM.jpeg\" \/>\n\t<meta property=\"og:image:width\" content=\"1200\" \/>\n\t<meta property=\"og:image:height\" content=\"1600\" \/>\n\t<meta property=\"og:image:type\" content=\"image\/jpeg\" \/>\n<meta name=\"twitter:card\" content=\"summary_large_image\" \/>\n<meta name=\"twitter:site\" content=\"@lakompra\" \/>\n<meta name=\"twitter:label1\" content=\"Tiempo de lectura\" \/>\n\t<meta name=\"twitter:data1\" content=\"1 minuto\" \/>\n<script type=\"application\/ld+json\" class=\"yoast-schema-graph\">{\"@context\":\"https:\\\/\\\/schema.org\",\"@graph\":[{\"@type\":\"WebPage\",\"@id\":\"https:\\\/\\\/lakompra.com\\\/el-salvador\\\/Anuncio\\\/allandora-de-36-con-motor-honda-de-9hp-gx270\\\/\",\"url\":\"https:\\\/\\\/lakompra.com\\\/el-salvador\\\/Anuncio\\\/allandora-de-36-con-motor-honda-de-9hp-gx270\\\/\",\"name\":\"Allandora de 36\u201d con Motor Honda de 9hp (GX270) - La Kompra El Salvador\",\"isPartOf\":{\"@id\":\"https:\\\/\\\/lakompra.com\\\/el-salvador\\\/#website\"},\"primaryImageOfPage\":{\"@id\":\"https:\\\/\\\/lakompra.com\\\/el-salvador\\\/Anuncio\\\/allandora-de-36-con-motor-honda-de-9hp-gx270\\\/#primaryimage\"},\"image\":{\"@id\":\"https:\\\/\\\/lakompra.com\\\/el-salvador\\\/Anuncio\\\/allandora-de-36-con-motor-honda-de-9hp-gx270\\\/#primaryimage\"},\"thumbnailUrl\":\"https:\\\/\\\/lakompra.com\\\/el-salvador\\\/wp-content\\\/uploads\\\/sites\\\/4\\\/2026\\\/09\\\/WhatsApp-Image-2026-09-02-at-10.06.13-PM.jpeg\",\"datePublished\":\"2026-09-03T04:36:08+00:00\",\"breadcrumb\":{\"@id\":\"https:\\\/\\\/lakompra.com\\\/el-salvador\\\/Anuncio\\\/allandora-de-36-con-motor-honda-de-9hp-gx270\\\/#breadcrumb\"},\"inLanguage\":\"es\",\"potentialAction\":[{\"@type\":\"ReadAction\",\"target\":[\"https:\\\/\\\/lakompra.com\\\/el-salvador\\\/Anuncio\\\/allandora-de-36-con-motor-honda-de-9hp-gx270\\\/\"]}]},{\"@type\":\"ImageObject\",\"inLanguage\":\"es\",\"@id\":\"https:\\\/\\\/lakompra.com\\\/el-salvador\\\/Anuncio\\\/allandora-de-36-con-motor-honda-de-9hp-gx270\\\/#primaryimage\",\"url\":\"https:\\\/\\\/lakompra.com\\\/el-salvador\\\/wp-content\\\/uploads\\\/sites\\\/4\\\/2026\\\/09\\\/WhatsApp-Image-2026-09-02-at-10.06.13-PM.jpeg\",\"contentUrl\":\"https:\\\/\\\/lakompra.com\\\/el-salvador\\\/wp-content\\\/uploads\\\/sites\\\/4\\\/2026\\\/09\\\/WhatsApp-Image-2026-09-02-at-10.06.13-PM.jpeg\",\"width\":1200,\"height\":1600},{\"@type\":\"BreadcrumbList\",\"@id\":\"https:\\\/\\\/lakompra.com\\\/el-salvador\\\/Anuncio\\\/allandora-de-36-con-motor-honda-de-9hp-gx270\\\/#breadcrumb\",\"itemListElement\":[{\"@type\":\"ListItem\",\"position\":1,\"name\":\"Portada\",\"item\":\"https:\\\/\\\/lakompra.com\\\/el-salvador\\\/\"},{\"@type\":\"ListItem\",\"position\":2,\"name\":\"Anuncios clasificados\",\"item\":\"https:\\\/\\\/lakompra.com\\\/el-salvador\\\/Anuncio\\\/\"},{\"@type\":\"ListItem\",\"position\":3,\"name\":\"Allandora de 36\u201d con Motor Honda de 9hp (GX270)\"}]},{\"@type\":\"WebSite\",\"@id\":\"https:\\\/\\\/lakompra.com\\\/el-salvador\\\/#website\",\"url\":\"https:\\\/\\\/lakompra.com\\\/el-salvador\\\/\",\"name\":\"La Kompra El Salvador\",\"description\":\"Anuncios Clasificados Gratis\",\"publisher\":{\"@id\":\"https:\\\/\\\/lakompra.com\\\/el-salvador\\\/#organization\"},\"alternateName\":\"La Kompra El Salvador\",\"potentialAction\":[{\"@type\":\"SearchAction\",\"target\":{\"@type\":\"EntryPoint\",\"urlTemplate\":\"https:\\\/\\\/lakompra.com\\\/el-salvador\\\/?s={search_term_string}\"},\"query-input\":{\"@type\":\"PropertyValueSpecification\",\"valueRequired\":true,\"valueName\":\"search_term_string\"}}],\"inLanguage\":\"es\"},{\"@type\":\"Organization\",\"@id\":\"https:\\\/\\\/lakompra.com\\\/el-salvador\\\/#organization\",\"name\":\"La Kompra El Salvador\",\"alternateName\":\"La Kompra El Salvador\",\"url\":\"https:\\\/\\\/lakompra.com\\\/el-salvador\\\/\",\"logo\":{\"@type\":\"ImageObject\",\"inLanguage\":\"es\",\"@id\":\"https:\\\/\\\/lakompra.com\\\/el-salvador\\\/#\\\/schema\\\/logo\\\/image\\\/\",\"url\":\"https:\\\/\\\/lakompra.com\\\/el-salvador\\\/wp-content\\\/uploads\\\/sites\\\/4\\\/2025\\\/11\\\/lakompra.png\",\"contentUrl\":\"https:\\\/\\\/lakompra.com\\\/el-salvador\\\/wp-content\\\/uploads\\\/sites\\\/4\\\/2025\\\/11\\\/lakompra.png\",\"width\":230,\"height\":60,\"caption\":\"La Kompra El Salvador\"},\"image\":{\"@id\":\"https:\\\/\\\/lakompra.com\\\/el-salvador\\\/#\\\/schema\\\/logo\\\/image\\\/\"},\"sameAs\":[\"https:\\\/\\\/www.facebook.com\\\/lakompra\",\"https:\\\/\\\/x.com\\\/lakompra\",\"https:\\\/\\\/www.tiktok.com\\\/@lakompra\"]}]}<\/script>\n<!-- \/ Yoast SEO plugin. -->","yoast_head_json":{"title":"Allandora de 36\u201d con Motor Honda de 9hp (GX270) - La Kompra El Salvador","robots":{"index":"index","follow":"follow","max-snippet":"max-snippet:-1","max-image-preview":"max-image-preview:large","max-video-preview":"max-video-preview:-1"},"canonical":"https:\/\/lakompra.com\/el-salvador\/Anuncio\/allandora-de-36-con-motor-honda-de-9hp-gx270\/","og_locale":"es_ES","og_type":"article","og_title":"Allandora de 36\u201d con Motor Honda de 9hp (GX270) - La Kompra El Salvador","og_description":"Allandora de 36\u201d con Motor Honda de 9hp (GX270) Motor Honda de 9 HP, modelo GX270 Allanadora de 36 pulgadas de di\u00e1metro Las aspas tienen un control de ajuste de 0 a 28 grados. El dise\u00f1o de la caja de cambios permite que el esfuerzo de torsi\u00f3n del equipo sea el m\u00e1ximo en su transferencia. ... Leer m\u00e1s","og_url":"https:\/\/lakompra.com\/el-salvador\/Anuncio\/allandora-de-36-con-motor-honda-de-9hp-gx270\/","og_site_name":"La Kompra El Salvador","article_publisher":"https:\/\/www.facebook.com\/lakompra","og_image":[{"width":1200,"height":1600,"url":"https:\/\/lakompra.com\/el-salvador\/wp-content\/uploads\/sites\/4\/2026\/09\/WhatsApp-Image-2026-09-02-at-10.06.13-PM.jpeg","type":"image\/jpeg"}],"twitter_card":"summary_large_image","twitter_site":"@lakompra","twitter_misc":{"Tiempo de lectura":"1 minuto"},"schema":{"@context":"https:\/\/schema.org","@graph":[{"@type":"WebPage","@id":"https:\/\/lakompra.com\/el-salvador\/Anuncio\/allandora-de-36-con-motor-honda-de-9hp-gx270\/","url":"https:\/\/lakompra.com\/el-salvador\/Anuncio\/allandora-de-36-con-motor-honda-de-9hp-gx270\/","name":"Allandora de 36\u201d con Motor Honda de 9hp (GX270) - La Kompra El Salvador","isPartOf":{"@id":"https:\/\/lakompra.com\/el-salvador\/#website"},"primaryImageOfPage":{"@id":"https:\/\/lakompra.com\/el-salvador\/Anuncio\/allandora-de-36-con-motor-honda-de-9hp-gx270\/#primaryimage"},"image":{"@id":"https:\/\/lakompra.com\/el-salvador\/Anuncio\/allandora-de-36-con-motor-honda-de-9hp-gx270\/#primaryimage"},"thumbnailUrl":"https:\/\/lakompra.com\/el-salvador\/wp-content\/uploads\/sites\/4\/2026\/09\/WhatsApp-Image-2026-09-02-at-10.06.13-PM.jpeg","datePublished":"2026-09-03T04:36:08+00:00","breadcrumb":{"@id":"https:\/\/lakompra.com\/el-salvador\/Anuncio\/allandora-de-36-con-motor-honda-de-9hp-gx270\/#breadcrumb"},"inLanguage":"es","potentialAction":[{"@type":"ReadAction","target":["https:\/\/lakompra.com\/el-salvador\/Anuncio\/allandora-de-36-con-motor-honda-de-9hp-gx270\/"]}]},{"@type":"ImageObject","inLanguage":"es","@id":"https:\/\/lakompra.com\/el-salvador\/Anuncio\/allandora-de-36-con-motor-honda-de-9hp-gx270\/#primaryimage","url":"https:\/\/lakompra.com\/el-salvador\/wp-content\/uploads\/sites\/4\/2026\/09\/WhatsApp-Image-2026-09-02-at-10.06.13-PM.jpeg","contentUrl":"https:\/\/lakompra.com\/el-salvador\/wp-content\/uploads\/sites\/4\/2026\/09\/WhatsApp-Image-2026-09-02-at-10.06.13-PM.jpeg","width":1200,"height":1600},{"@type":"BreadcrumbList","@id":"https:\/\/lakompra.com\/el-salvador\/Anuncio\/allandora-de-36-con-motor-honda-de-9hp-gx270\/#breadcrumb","itemListElement":[{"@type":"ListItem","position":1,"name":"Portada","item":"https:\/\/lakompra.com\/el-salvador\/"},{"@type":"ListItem","position":2,"name":"Anuncios clasificados","item":"https:\/\/lakompra.com\/el-salvador\/Anuncio\/"},{"@type":"ListItem","position":3,"name":"Allandora de 36\u201d con Motor Honda de 9hp (GX270)"}]},{"@type":"WebSite","@id":"https:\/\/lakompra.com\/el-salvador\/#website","url":"https:\/\/lakompra.com\/el-salvador\/","name":"La Kompra El Salvador","description":"Anuncios Clasificados Gratis","publisher":{"@id":"https:\/\/lakompra.com\/el-salvador\/#organization"},"alternateName":"La Kompra El Salvador","potentialAction":[{"@type":"SearchAction","target":{"@type":"EntryPoint","urlTemplate":"https:\/\/lakompra.com\/el-salvador\/?s={search_term_string}"},"query-input":{"@type":"PropertyValueSpecification","valueRequired":true,"valueName":"search_term_string"}}],"inLanguage":"es"},{"@type":"Organization","@id":"https:\/\/lakompra.com\/el-salvador\/#organization","name":"La Kompra El Salvador","alternateName":"La Kompra El Salvador","url":"https:\/\/lakompra.com\/el-salvador\/","logo":{"@type":"ImageObject","inLanguage":"es","@id":"https:\/\/lakompra.com\/el-salvador\/#\/schema\/logo\/image\/","url":"https:\/\/lakompra.com\/el-salvador\/wp-content\/uploads\/sites\/4\/2025\/11\/lakompra.png","contentUrl":"https:\/\/lakompra.com\/el-salvador\/wp-content\/uploads\/sites\/4\/2025\/11\/lakompra.png","width":230,"height":60,"caption":"La Kompra El Salvador"},"image":{"@id":"https:\/\/lakompra.com\/el-salvador\/#\/schema\/logo\/image\/"},"sameAs":["https:\/\/www.facebook.com\/lakompra","https:\/\/x.com\/lakompra","https:\/\/www.tiktok.com\/@lakompra"]}]}},"_links":{"self":[{"href":"https:\/\/lakompra.com\/el-salvador\/wp-json\/wp\/v2\/advert\/802","targetHints":{"allow":["GET"]}}],"collection":[{"href":"https:\/\/lakompra.com\/el-salvador\/wp-json\/wp\/v2\/advert"}],"about":[{"href":"https:\/\/lakompra.com\/el-salvador\/wp-json\/wp\/v2\/types\/advert"}],"wp:featuredmedia":[{"embeddable":true,"href":"https:\/\/lakompra.com\/el-salvador\/wp-json\/wp\/v2\/media\/803"}],"wp:attachment":[{"href":"https:\/\/lakompra.com\/el-salvador\/wp-json\/wp\/v2\/media?parent=802"}],"wp:term":[{"taxonomy":"advert_category","embeddable":true,"href":"https:\/\/lakompra.com\/el-salvador\/wp-json\/wp\/v2\/advert_category?post=802"}],"curies":[{"name":"wp","href":"https:\/\/api.w.org\/{rel}","templated":true}]}}

<p>Allandora de 36” con Motor Honda de 9hp (GX270)</p>
<ul>
<li>Motor Honda de 9 HP, modelo GX270</li>
<li>Allanadora de 36 pulgadas de diámetro</li>
<li>Las aspas tienen un control de ajuste de 0 a 28 grados.</li>
<li>El diseño de la caja de cambios permite que el esfuerzo de torsión del equipo sea el máximo en su transferencia.</li>
<li>El embrague sensible y el sistema de poleas hace que las transiciones de velocidad sean suaves.</li>
<li>Barra de elevación.</li>
<li>Diseño para 4 hojas que permiten una rotación máxima de 135 RPM.</li>
<li>Incluye 4 aspas del tipo Combinadas (mejores que las hojas de acabados).</li>
<li>Marca J&amp;F, hecho en China.</li>
</ul>
<p>Laura Molina</p>
<p>7225 0474</p>
<p>Maquesa el salvador</p>

<!-- This site is optimized with the Yoast SEO plugin v28.4 - https://yoast.com/product/yoast-seo-wordpress/ -->
<title>Allandora de 36” con Motor Honda de 9hp (GX270) - La Kompra El Salvador</title>
<meta name="robots" content="index, follow, max-snippet:-1, max-image-preview:large, max-video-preview:-1" />
<link rel="canonical" href="https://lakompra.com/el-salvador/Anuncio/allandora-de-36-con-motor-honda-de-9hp-gx270/" />
<meta property="og:locale" content="es_ES" />
<meta property="og:type" content="article" />
<meta property="og:title" content="Allandora de 36” con Motor Honda de 9hp (GX270) - La Kompra El Salvador" />
<meta property="og:description" content="Allandora de 36” con Motor Honda de 9hp (GX270) Motor Honda de 9 HP, modelo GX270 Allanadora de 36 pulgadas de diámetro Las aspas tienen un control de ajuste de 0 a 28 grados. El diseño de la caja de cambios permite que el esfuerzo de torsión del equipo sea el máximo en su transferencia. ... Leer más" />
<meta property="og:url" content="https://lakompra.com/el-salvador/Anuncio/allandora-de-36-con-motor-honda-de-9hp-gx270/" />
<meta property="og:site_name" content="La Kompra El Salvador" />
<meta property="article:publisher" content="https://www.facebook.com/lakompra" />
<meta property="og:image" content="https://lakompra.com/el-salvador/wp-content/uploads/sites/4/2026/09/WhatsApp-Image-2026-09-02-at-10.06.13-PM.jpeg" />
	<meta property="og:image:width" content="1200" />
	<meta property="og:image:height" content="1600" />
	<meta property="og:image:type" content="image/jpeg" />
<meta name="twitter:card" content="summary_large_image" />
<meta name="twitter:site" content="@lakompra" />
<meta name="twitter:label1" content="Tiempo de lectura" />
	<meta name="twitter:data1" content="1 minuto" />
<script type="application/ld+json" class="yoast-schema-graph">{"@context":"https:\/\/schema.org","@graph":[{"@type":"WebPage","@id":"https:\/\/lakompra.com\/el-salvador\/Anuncio\/allandora-de-36-con-motor-honda-de-9hp-gx270\/","url":"https:\/\/lakompra.com\/el-salvador\/Anuncio\/allandora-de-36-con-motor-honda-de-9hp-gx270\/","name":"Allandora de 36” con Motor Honda de 9hp (GX270) - La Kompra El Salvador","isPartOf":{"@id":"https:\/\/lakompra.com\/el-salvador\/#website"},"primaryImageOfPage":{"@id":"https:\/\/lakompra.com\/el-salvador\/Anuncio\/allandora-de-36-con-motor-honda-de-9hp-gx270\/#primaryimage"},"image":{"@id":"https:\/\/lakompra.com\/el-salvador\/Anuncio\/allandora-de-36-con-motor-honda-de-9hp-gx270\/#primaryimage"},"thumbnailUrl":"https:\/\/lakompra.com\/el-salvador\/wp-content\/uploads\/sites\/4\/2026\/09\/WhatsApp-Image-2026-09-02-at-10.06.13-PM.jpeg","datePublished":"2026-09-03T04:36:08+00:00","breadcrumb":{"@id":"https:\/\/lakompra.com\/el-salvador\/Anuncio\/allandora-de-36-con-motor-honda-de-9hp-gx270\/#breadcrumb"},"inLanguage":"es","potentialAction":[{"@type":"ReadAction","target":["https:\/\/lakompra.com\/el-salvador\/Anuncio\/allandora-de-36-con-motor-honda-de-9hp-gx270\/"]}]},{"@type":"ImageObject","inLanguage":"es","@id":"https:\/\/lakompra.com\/el-salvador\/Anuncio\/allandora-de-36-con-motor-honda-de-9hp-gx270\/#primaryimage","url":"https:\/\/lakompra.com\/el-salvador\/wp-content\/uploads\/sites\/4\/2026\/09\/WhatsApp-Image-2026-09-02-at-10.06.13-PM.jpeg","contentUrl":"https:\/\/lakompra.com\/el-salvador\/wp-content\/uploads\/sites\/4\/2026\/09\/WhatsApp-Image-2026-09-02-at-10.06.13-PM.jpeg","width":1200,"height":1600},{"@type":"BreadcrumbList","@id":"https:\/\/lakompra.com\/el-salvador\/Anuncio\/allandora-de-36-con-motor-honda-de-9hp-gx270\/#breadcrumb","itemListElement":[{"@type":"ListItem","position":1,"name":"Portada","item":"https:\/\/lakompra.com\/el-salvador\/"},{"@type":"ListItem","position":2,"name":"Anuncios clasificados","item":"https:\/\/lakompra.com\/el-salvador\/Anuncio\/"},{"@type":"ListItem","position":3,"name":"Allandora de 36” con Motor Honda de 9hp (GX270)"}]},{"@type":"WebSite","@id":"https:\/\/lakompra.com\/el-salvador\/#website","url":"https:\/\/lakompra.com\/el-salvador\/","name":"La Kompra El Salvador","description":"Anuncios Clasificados Gratis","publisher":{"@id":"https:\/\/lakompra.com\/el-salvador\/#organization"},"alternateName":"La Kompra El Salvador","potentialAction":[{"@type":"SearchAction","target":{"@type":"EntryPoint","urlTemplate":"https:\/\/lakompra.com\/el-salvador\/?s={search_term_string}"},"query-input":{"@type":"PropertyValueSpecification","valueRequired":true,"valueName":"search_term_string"}}],"inLanguage":"es"},{"@type":"Organization","@id":"https:\/\/lakompra.com\/el-salvador\/#organization","name":"La Kompra El Salvador","alternateName":"La Kompra El Salvador","url":"https:\/\/lakompra.com\/el-salvador\/","logo":{"@type":"ImageObject","inLanguage":"es","@id":"https:\/\/lakompra.com\/el-salvador\/#\/schema\/logo\/image\/","url":"https:\/\/lakompra.com\/el-salvador\/wp-content\/uploads\/sites\/4\/2025\/11\/lakompra.png","contentUrl":"https:\/\/lakompra.com\/el-salvador\/wp-content\/uploads\/sites\/4\/2025\/11\/lakompra.png","width":230,"height":60,"caption":"La Kompra El Salvador"},"image":{"@id":"https:\/\/lakompra.com\/el-salvador\/#\/schema\/logo\/image\/"},"sameAs":["https:\/\/www.facebook.com\/lakompra","https:\/\/x.com\/lakompra","https:\/\/www.tiktok.com\/@lakompra"]}]}</script>
<!-- / Yoast SEO plugin. -->

Allandora de 36” con Motor Honda de 9hp (GX270) Motor Honda de 9 HP, modelo GX270 Allanadora de 36 pulgadas de diámetro Las aspas tienen un control de ajuste de 0 a 28 grados. El diseño de la caja de cambios permite que el esfuerzo de torsión del equipo sea el máximo en su transferencia. ... Leer más
